1, 43, 35863
What are the prime factors of 425461513?
14083, 30211
List the prime factors of 1042575831.
3, 11, 10531069
What are the prime factors of 73990497?
3, 7, 3523357
List the prime factors of 3174951303.
3, 23, 79, 64717
List the prime factors of 994704214.
2, 7, 10150043
What are the prime factors of 121692270?
2, 3, 5, 7, 157, 3691
What are the prime factors of 311863109?
149, 2093041
What are the prime factors of 1750104407?
1750104407
List the prime factors of 469953414.
2, 3, 7, 73, 811
List the prime factors of 4235377521.
3, 113, 12493739
What are the prime factors of 785535525?
3, 5, 19, 53, 3467
List the prime factors of 554309942.
2, 659, 420569
What are the prime factors of 55322234?
2, 11, 2514647
List the prime factors of 46472500.
2, 5, 29, 641
What are the prime factors of 52423280?
2, 5, 7, 13, 19, 379
List the prime factors of 433237812.
2, 3, 7, 67, 1571
List the prime factors of 771915114.
2, 3, 42884173
List the prime factors of 114626898.
2, 3, 41, 127, 1223
What are the prime factors of 58259992?
2, 7, 197, 5281
What are the prime factors of 1759815998?
2, 31, 1601, 17729
What are the prime factors of 19310748?
2, 3, 677, 2377
List the prime factors of 66332036.
2, 16583009
List the prime factors of 226131518.
2, 17, 391231
What are the prime factors of 70430595?
3, 5, 89, 52757
What are the prime factors of 81869877?
3, 1811, 5023
List the prime factors of 91661018.
2, 4967, 9227
What are the prime factors of 593049752?
2, 6871, 10789
What are the prime factors of 198367281?
3, 7, 3148687
List the prime factors of 793529171.
793529171
List the prime factors of 43444369.
431, 100799
What are the prime factors of 185746579?
67, 71, 39047
What are the prime factors of 182998862?
2, 4951, 18481
List the prime factors of 116155552.
2, 313, 11597
What are the prime factors of 4876185351?
3, 359, 4527563
List the prime factors of 562851339.
3, 187617113
List the prime factors of 897473652.
2, 3, 74789471
List the prime factors of 1049150090.
2, 5, 1669, 62861
What are the prime factors of 2528745930?
2, 3, 5, 41, 685297
List the prime factors of 665792608.
2, 13, 601, 2663
What are the prime factors of 58000941?
3, 37, 6451
List the prime factors of 418498279.
418498279
What are the prime factors of 417846250?
2, 5, 223, 1499
What are the prime factors of 340990778?
2, 23, 7412843
List the prime factors of 235878624.
2, 3, 127, 6449
List the prime factors of 342030775.
5, 37, 137, 2699
List the prime factors of 31489107.
3, 13, 41, 47, 419
What are the prime factors of 121905?
3, 5, 7, 43
What are the prime factors of 5660418996?
2, 3, 17470429
What are the prime factors of 3275397064?
2, 23, 17801071
What are the prime factors of 357471783?
3, 563, 70549
What are the prime factors of 1231828577?
7, 19, 9261869
What are the prime factors of 197450874?
2, 3, 10969493
List the prime factors of 34323975.
3, 5, 7, 19, 31, 37
What are the prime factors of 4871307650?
2, 5, 11, 197, 44959
What are the prime factors of 4344309271?
3931, 1105141
List the prime factors of 124397271.
3, 23, 79, 7607
What are the prime factors of 711228095?
5, 142245619
What are the prime factors of 32963923?
29, 131, 8677
List the prime factors of 1237944306.
2, 3, 1907, 108193
What are the prime factors of 215659350?
2, 3, 5, 479243
List the prime factors of 161523966.
2, 3, 53, 507937
What are the prime factors of 1481216456?
2, 31, 5972647
List the prime factors of 6121761842.
2, 7, 421, 1038643
What are the prime factors of 1262945046?
2, 3, 11, 19135531
List the prime factors of 127047379.
797, 159407
What are the prime factors of 364409456?
2, 227, 100333
List the prime factors of 128186251.
131, 978521
List the prime factors of 193705450.
2, 5, 3874109
What are the prime factors of 4435189164?
2, 3, 7, 101, 174257
What are the prime factors of 350546710?
2, 5, 35054671
List the prime factors of 2230607384.
2, 29, 9614687
What are the prime factors of 85378192?
2, 59, 149, 607
What are the prime factors of 1446119501?
17, 85065853
What are the prime factors of 71389923?
3, 11, 149, 14519
List the prime factors of 55294501.
109, 507289
List the prime factors of 74522619.
3, 2760097
What are the prime factors of 96372607?
47, 2050481
List the prime factors of 291004879.
11, 29, 127, 653
What are the prime factors of 445562051?
11, 113, 32587
What are the prime factors of 27155166?
2, 3, 4525861
What are the prime factors of 12009736?
2, 1501217
List the prime factors of 12600841.
11, 47, 24373
What are the prime factors of 247356698?
2, 17, 7275197
List the prime factors of 17315743.
101, 173, 991
What are the prime factors of 479612495?
5, 211, 454609
List the prime factors of 77782179.
3, 487, 53239
List the prime factors of 2964831465.
3, 5, 313, 631487
List the prime factors of 961577683.
11, 283, 28081
List the prime factors of 274142508.
2, 3, 22845209
List the prime factors of 4911236.
2, 11, 23, 211
List the prime factors of 51883401.
3, 17294467
What are the prime factors of 16474985?
5, 257, 12821
List the prime factors of 110950096.
2, 6934381
List the prime factors of 236942269.
31, 1619, 4721
What are the prime factors of 39364990?
2, 5, 7, 562357
List the prime factors of 3515438337.
3, 8581, 136559
List the prime factors of 86455093.
223, 317, 1223
What are the prime factors of 45933259?
45933259
List the prime factors of 94206963.
3, 31402321
What are the prime factors of 634162558?
2, 89, 3562711
What are the prime factors of 4251098000?
2, 5, 19, 111871
List the prime factors of 273116533.
239, 733, 1559
List the prime factors of 40257507.
3, 233, 57593
List the prime factors of 1055951705.
5, 211190341
List the prime factors of 49877766.
2, 3, 2770987
List the prime factors of 35286812.
2, 11, 801973
What are the prime factors of 1035787729?
73, 3557, 3989
What are the prime factors of 231171893?
37, 89, 70201
List the prime factors of 24789596.
2, 13, 36671
List the prime factors of 3191541686.
2, 23, 4001, 17341
List the prime factors of 226653722.
2, 9811, 11551
What are the prime factors of 98310419?
98310419
What are the prime factors of 40966339?
41, 199, 5021
What are the prime factors of 1070145859?
43, 337, 73849
What are the prime factors of 625960847?
23, 43, 632923
What are the prime factors of 56798962?
2, 11, 2581771
What are the prime factors of 445772583?
3, 139, 356333
List the prime factors of 93351987.
3, 3457481
List the prime factors of 162703147.
419, 388313
What are the prime factors of 7803999080?
2, 5, 71, 821, 3347
List the prime factors of 18298431.
3, 2033159
List the prime factors of 519563780.
2, 5, 719, 36131
What are the prime factors of 231377330?
2, 5, 53, 8237
What are the prime factors of 61490078?
2, 13, 37, 41, 1559
What are the prime factors of 48554074?
2, 17, 521, 2741
What are the prime factors of 2432829?
3, 7, 115849
What are the prime factors of 59211204?
2, 3, 13, 17, 83, 269
What are the prime factors of 788019289?
61, 12918349
List the prime factors of 2398781583.
3, 11, 17, 1425301
List the prime factors of 3236120067.
3, 191, 29569
What are the prime factors of 36798386?
2, 181, 101653
What are the prime factors of 181118782?
2, 13, 17, 83, 4937
List the prime factors of 284434988.
2, 59, 101, 11933
What are the prime factors of 644801274?
2, 3, 13, 23, 5209
List the prime factors of 2745346742.
2, 211, 449, 14489
What are the prime factors of 47702573?
47702573
What are the prime factors of 2246798927?
439, 5117993
What are the prime factors of 1580971870?
2, 5, 158097187
List the prime factors of 87682180.
2, 5, 97, 45197
What are the prime factors of 681847863?
3, 227282621
List the prime factors of 555966409.
555966409
What are the prime factors of 7193738875?
5, 37, 103, 15101
What are the prime factors of 375492238?
2, 11, 97, 179, 983
What are the prime factors of 1277972814?
2, 3, 43, 61, 81203
List the prime factors of 171432004.
2, 6311, 6791
List the prime factors of 40923343.
79, 518017
List the prime factors of 4649287139.
7, 13554773
List the prime factors of 36216815.
5, 269, 26927
What are the prime factors of 100579281?
3, 11, 1279, 2383
What are the prime factors of 101286072?
2, 3, 41, 11437
List the prime factors of 8019552.
2, 3, 83537
List the pri